{"id":28,"date":"2014-08-12T12:13:33","date_gmt":"2014-08-12T10:13:33","guid":{"rendered":"http:\/\/localhost\/wordpress\/?page_id=28"},"modified":"2024-08-16T13:44:16","modified_gmt":"2024-08-16T11:44:16","slug":"berufswahl","status":"publish","type":"page","link":"https:\/\/jeanette-wolff-schule-dortmund.de\/wordpress\/termine\/berufswahl\/","title":{"rendered":"Berufswahl"},"content":{"rendered":"<div id=\"pl-28\"  class=\"panel-layout\" ><div id=\"pg-28-0\"  class=\"panel-grid panel-no-style\" ><div id=\"pgc-28-0-0\"  class=\"panel-grid-cell\" ><div id=\"panel-28-0-0-0\" class=\"so-panel widget widget_black-studio-tinymce widget_black_studio_tinymce panel-first-child panel-last-child\" data-index=\"0\" ><div class=\"textwidget\"><p style=\"text-align: justify;\">Im Bereich der Berufsvorbereitung ist unsere Schule immer schon fahnenf\u00fchrend gewesen. So haben wir \u00fcber die vergangenen Jahrzehnte ein tragf\u00e4higes Netz an lokalen Kooperationspartnern gesponnen, auf welches wir bei der Vermittlung unserer Sch\u00fcler\/innen in Praktika und Ausbildung zur\u00fcckgreifen.<br \/>\nDie schulische Berufswahlvorbereitung wird neben der Beratung durch unseren Studien- und Berufskoordinator (StuBOKo) unterst\u00fctzt von einem Betriebsakquisiteur der Wirtschaftsf\u00f6rderung Dortmund.<\/p>\n<\/div><\/div><\/div><\/div><div id=\"pg-28-1\"  class=\"panel-grid panel-no-style\" ><div id=\"pgc-28-1-0\"  class=\"panel-grid-cell panel-grid-cell-empty\" ><\/div><\/div><div id=\"pg-28-2\"  class=\"panel-grid panel-no-style\" ><div id=\"pgc-28-2-0\"  class=\"panel-grid-cell\" ><div id=\"panel-28-2-0-0\" class=\"so-panel widget widget_black-studio-tinymce widget_black_studio_tinymce panel-first-child panel-last-child\" data-index=\"1\" ><h3 class=\"widget-title\">Betriebsakquisition<\/h3><div class=\"textwidget\"><p>Tobias vom Stein<br \/>\nBetriebsakquisiteur der Wirtschaftsf\u00f6rderung Dortmund<br \/>\nMatching: Schule + Unternehmen + Sch\u00fcler<\/p>\n<p>E-Mail: <a href=\"mailto:tvomstein@stadtdo.de\">tvomstein@stadtdo.de<\/a><\/p>\n<p>Kontakt: 0172 \/6523365<\/p>\n<p>&nbsp;<\/p>\n<\/div><\/div><\/div><\/div><div id=\"pg-28-3\"  class=\"panel-grid panel-no-style\" ><div id=\"pgc-28-3-0\"  class=\"panel-grid-cell\" ><div id=\"panel-28-3-0-0\" class=\"so-panel widget widget_black-studio-tinymce widget_black_studio_tinymce panel-first-child panel-last-child\" data-index=\"2\" ><div class=\"textwidget\"><p style=\"text-align: justify;\">Unsere Berufseinstiegsbegleiterinnen bieten:<\/p>\n<ul>\n<li style=\"text-align: justify;\">Unterst\u00fctzung beim Erlangen des Schulabschlusses<\/li>\n<li style=\"text-align: justify;\">Informationen zur Situation auf dem regionalen Ausbildungsmarkt<\/li>\n<li style=\"text-align: justify;\">Hilfe bei der Erkundung der Anforderungen von Ausbildungsberufen und Vergleich mit den eigenen Voraussetzungen<\/li>\n<li style=\"text-align: justify;\">Unterst\u00fctzung bei der Suche nach einem geeigneten Praktikumsplatz<\/li>\n<li style=\"text-align: justify;\">Bewerbungstraining (Vorstellungsgespr\u00e4ch und Eignungstest) und Hilfe beim Erstellen aussagekr\u00e4ftiger Bewerbungsunterlagen<\/li>\n<li style=\"text-align: justify;\">Unterst\u00fctzung bei der Suche nach geeigneten Ausbildungsstellen<\/li>\n<li style=\"text-align: justify;\">Stabilisierung im Ausbildungsverh\u00e4ltnis<\/li>\n<\/ul>\n<\/div><\/div><\/div><\/div><div id=\"pg-28-4\"  class=\"panel-grid panel-no-style\" ><div id=\"pgc-28-4-0\"  class=\"panel-grid-cell\" ><div id=\"panel-28-4-0-0\" class=\"so-panel widget widget_black-studio-tinymce widget_black_studio_tinymce panel-first-child panel-last-child\" data-index=\"3\" ><h3 class=\"widget-title\">Unser STUBOKO<\/h3><div class=\"textwidget\"><\/div><\/div><\/div><\/div><div id=\"pg-28-5\"  class=\"panel-grid panel-no-style\" ><div id=\"pgc-28-5-0\"  class=\"panel-grid-cell\" ><div id=\"panel-28-5-0-0\" class=\"so-panel widget widget_black-studio-tinymce widget_black_studio_tinymce panel-first-child panel-last-child\" data-index=\"4\" ><div class=\"textwidget\"><p><img decoding=\"async\" src=\"\/wordpress\/wp-content\/uploads\/2014\/10\/Herr-Neubauer.jpg\" \/><\/p>\n<\/div><\/div><\/div><div id=\"pgc-28-5-1\"  class=\"panel-grid-cell\" ><div id=\"panel-28-5-1-0\" class=\"so-panel widget widget_text panel-first-child panel-last-child\" data-index=\"5\" ><h3 class=\"widget-title\">Herr Neubauer<\/h3>\t\t\t<div class=\"textwidget\"><\/div>\n\t\t<\/div><\/div><div id=\"pgc-28-5-2\"  class=\"panel-grid-cell panel-grid-cell-empty panel-grid-cell-mobile-last\" ><\/div><div id=\"pgc-28-5-3\"  class=\"panel-grid-cell panel-grid-cell-empty\" ><\/div><\/div><div id=\"pg-28-6\"  class=\"panel-grid panel-no-style\" ><div id=\"pgc-28-6-0\"  class=\"panel-grid-cell panel-grid-cell-empty\" ><\/div><div id=\"pgc-28-6-1\"  class=\"panel-grid-cell panel-grid-cell-empty\" ><\/div><div id=\"pgc-28-6-2\"  class=\"panel-grid-cell panel-grid-cell-empty panel-grid-cell-mobile-last\" ><\/div><div id=\"pgc-28-6-3\"  class=\"panel-grid-cell panel-grid-cell-empty\" ><\/div><\/div><div id=\"pg-28-7\"  class=\"panel-grid panel-no-style\" ><div id=\"pgc-28-7-0\"  class=\"panel-grid-cell\" ><div id=\"panel-28-7-0-0\" class=\"so-panel widget widget_black-studio-tinymce widget_black_studio_tinymce panel-first-child panel-last-child\" data-index=\"6\" ><div class=\"textwidget\"><p>Die Schwerpunkte unseres STUBOKO:<\/p>\n<ul>\n<li>Grundlagen der Berufsorientierung<\/li>\n<li>Informationen \u00fcber Bildungsm\u00f6glichkeiten<\/li>\n<li>Kooperation mit externen Partnern aus Wirtschaft und Handwerk<\/li>\n<li>Berufswahlbezogene Instrumente zur Kompetenzfeststellung<\/li>\n<li>Berufswahlpass und weitere Instrumente individueller F\u00f6rderung<\/li>\n<li>Elternarbeit<\/li>\n<li>Anmeldung der Sch\u00fclerinnen und Sch\u00fcler an den Berufskollegs \u00fcber Sch\u00fcler-Online<\/li>\n<li>Kooperation mit der Agentur f\u00fcr Arbeit<\/li>\n<li>\u00dcbergangsmanagement<\/li>\n<\/ul>\n<\/div><\/div><\/div><\/div><div id=\"pg-28-8\"  class=\"panel-grid panel-no-style\" ><div id=\"pgc-28-8-0\"  class=\"panel-grid-cell\" ><div id=\"panel-28-8-0-0\" class=\"so-panel widget widget_black-studio-tinymce widget_black_studio_tinymce panel-first-child panel-last-child\" data-index=\"7\" ><h3 class=\"widget-title\">Weitere Eckpunkte unserer Berufswahlvorbereitung:<\/h3><div class=\"textwidget\"><ul>\n<li>Potenzialanalyse in Klasse 8<\/li>\n<li>Teilnahme am Girls &amp; Boys Day<\/li>\n<li>Betriebspraktika in den Klassen 9 und 10<\/li>\n<li>Bildungspartnerschaft mit REWE Seipenbusch<\/li>\n<li>Betriebserkundungen<\/li>\n<li>Teilnahme am Seminar f\u00fcr Arbeit und Wirtschaft<\/li>\n<\/ul>\n<\/div><\/div><\/div><\/div><div id=\"pg-28-9\"  class=\"panel-grid panel-no-style\" ><div id=\"pgc-28-9-0\"  class=\"panel-grid-cell\" ><div id=\"panel-28-9-0-0\" class=\"so-panel widget widget_black-studio-tinymce widget_black_studio_tinymce panel-first-child panel-last-child\" data-index=\"8\" ><h3 class=\"widget-title\">Vernetzt mit Jobb\u00f6rse.de<\/h3><div class=\"textwidget\"><p><span style=\"font-family: Arial; font-size: medium;\">Wie viele andere Schulen und Bildungseinrichtungen sind auch wir mit&nbsp;Jobb\u00f6rse.de vernetzt.<\/span>&nbsp;<span style=\"font-family: Arial; font-size: medium;\">Die Nutzung von <a href=\"http:\/\/xn--jobbrse-d1a.de\/\">Jobb\u00f6rse.de<\/a> ist und bleibt f\u00fcr unsere Sch\u00fclerinnen und Sch\u00fcler selbstverst\u00e4ndlich kostenlos.<\/span><\/p>\n<div>\n<span style=\"font-family: Arial; font-size: medium;\">Unter den folgenden Links k\u00f6nnen Sch\u00fclerinnen und Sch\u00fcler f\u00fcndig werden:&nbsp;<\/span><\/div>\n<div>\n<span style=\"font-family: Arial; font-size: medium;\">- &nbsp; &nbsp; &nbsp; Ausbildung finden: <\/span><a href=\"https:\/\/www.xn--jobbrse-stellenangebote-blc.de\/ausbildung\/\"><span style=\"color: blue; font-family: Arial; font-size: medium;\"><u>https:\/\/www.jobb\u00f6rse-stellenangebote.de\/ausbildung\/<\/u><\/span><\/a><u> <\/u><br \/>\n<span style=\"font-family: Arial; font-size: medium;\">- &nbsp; &nbsp; &nbsp; Praktikum finden: <\/span><a href=\"https:\/\/www.xn--jobbrse-stellenangebote-blc.de\/praktikum\/\"><span style=\"color: blue; font-family: Arial; font-size: medium;\"><u>https:\/\/www.jobb\u00f6rse-stellenangebote.de\/praktikum\/<\/u><\/span><\/a><u> <\/u><br \/>\n<span style=\"font-family: Arial; font-size: medium;\">- &nbsp; &nbsp; &nbsp; Berufsorientierung: <\/span><a href=\"https:\/\/www.xn--jobbrse-stellenangebote-blc.de\/jobs\/berufsfeld\/\"><span style=\"color: blue; font-family: Arial; font-size: medium;\"><u>https:\/\/www.jobb\u00f6rse-stellenangebote.de\/jobs\/berufsfeld\/<\/u><\/span><\/a><u> <\/u><br \/>\n<span style=\"font-family: Arial; font-size: medium;\">- &nbsp; &nbsp; &nbsp; Stellenangebote: <\/span><a href=\"https:\/\/www.xn--jobbrse-d1a.de\/\"><span style=\"color: blue; font-family: Arial; font-size: medium;\"><u>https:\/\/www.jobb\u00f6rse.de\/<\/u><\/span><\/a><u> <\/u><\/div>\n<\/div><\/div><\/div><\/div><\/div>","protected":false},"excerpt":{"rendered":"<p>Im Bereich der Berufsvorbereitung ist unsere Schule immer schon fahnenf\u00fchrend gewesen. So haben wir \u00fcber die vergangenen Jahrzehnte ein tragf\u00e4higes Netz an lokalen Kooperationspartnern gesponnen, auf welches wir bei der Vermittlung unserer Sch\u00fcler\/innen in Praktika und Ausbildung zur\u00fcckgreifen. Die schulische Berufswahlvorbereitung wird neben der Beratung durch unseren Studien- und Berufskoordinator (StuBOKo) unterst\u00fctzt von einem Betriebsakquisiteur [&hellip;]<\/p>\n","protected":false},"author":1,"featured_media":0,"parent":23,"menu_order":0,"comment_status":"closed","ping_status":"closed","template":"","meta":{"ngg_post_thumbnail":0,"footnotes":""},"class_list":["post-28","page","type-page","status-publish","hentry"],"_links":{"self":[{"href":"https:\/\/jeanette-wolff-schule-dortmund.de\/wordpress\/wp-json\/wp\/v2\/pages\/28","targetHints":{"allow":["GET"]}}],"collection":[{"href":"https:\/\/jeanette-wolff-schule-dortmund.de\/wordpress\/wp-json\/wp\/v2\/pages"}],"about":[{"href":"https:\/\/jeanette-wolff-schule-dortmund.de\/wordpress\/wp-json\/wp\/v2\/types\/page"}],"author":[{"embeddable":true,"href":"https:\/\/jeanette-wolff-schule-dortmund.de\/wordpress\/wp-json\/wp\/v2\/users\/1"}],"replies":[{"embeddable":true,"href":"https:\/\/jeanette-wolff-schule-dortmund.de\/wordpress\/wp-json\/wp\/v2\/comments?post=28"}],"version-history":[{"count":35,"href":"https:\/\/jeanette-wolff-schule-dortmund.de\/wordpress\/wp-json\/wp\/v2\/pages\/28\/revisions"}],"predecessor-version":[{"id":302,"href":"https:\/\/jeanette-wolff-schule-dortmund.de\/wordpress\/wp-json\/wp\/v2\/pages\/28\/revisions\/302"}],"up":[{"embeddable":true,"href":"https:\/\/jeanette-wolff-schule-dortmund.de\/wordpress\/wp-json\/wp\/v2\/pages\/23"}],"wp:attachment":[{"href":"https:\/\/jeanette-wolff-schule-dortmund.de\/wordpress\/wp-json\/wp\/v2\/media?parent=28"}],"curies":[{"name":"wp","href":"https:\/\/api.w.org\/{rel}","templated":true}]}}